me factors of 889826.
2, 7, 63559
List the prime factors of 1162730.
2, 5, 116273
What are the prime factors of 167158?
2, 83579
What are the prime factors of 4823437?
4823437
List the prime factors of 30101319.
3, 23, 145417
What are the prime factors of 19174346?
2, 9587173
What are the prime factors of 685881?
3, 7, 19, 191
List the prime factors of 267765.
3, 5, 17851
List the prime factors of 161613.
3, 17957
What are the prime factors of 2499941?
2499941
List the prime factors of 42156.
2, 3, 1171
What are the prime factors of 79444?
2, 19861
What are the prime factors of 61508?
2, 15377
List the prime factors of 1266925.
5, 11, 17, 271
List the prime factors of 7029471.
3, 2343157
List the prime factors of 13936779.
3, 83, 691
List the prime factors of 1592955.
3, 5, 7, 13, 389
List the prime factors of 275556.
2, 3, 22963
List the prime factors of 3167861.
83, 38167
What are the prime factors of 50851?
211, 241
What are the prime factors of 4567225?
5, 13, 23, 47
What are the prime factors of 392689?
11, 29, 1231
What are the prime factors of 3362117?
11, 23, 97, 137
List the prime factors of 3171521.
3171521
List the prime factors of 612122.
2, 7, 23, 1901
List the prime factors of 2533480.
2, 5, 63337
List the prime factors of 68450.
2, 5, 37
What are the prime factors of 48143?
31, 1553
List the prime factors of 592763.
592763
List the prime factors of 3222909.
3, 4421
What are the prime factors of 9759634?
2, 61, 79997
List the prime factors of 957292.
2, 7, 179, 191
What are the prime factors of 924322?
2, 7, 103, 641
List the prime factors of 3228794.
2, 1614397
What are the prime factors of 13746443?
19, 137, 5281
List the prime factors of 2412948.
2, 3, 233, 863
List the prime factors of 4856160.
2, 3, 5, 67, 151
What are the prime factors of 1938113?
1938113
What are the prime factors of 2082795?
3, 5, 11, 13, 971
What are the prime factors of 10823417?
11, 607, 1621
What are the prime factors of 14670803?
7, 23, 293, 311
List the prime factors of 1319199.
3, 7, 62819
What are the prime factors of 1862458?
2, 13, 71633
List the prime factors of 6402852.
2, 3, 29, 6133
What are the prime factors of 695322?
2, 3, 38629
What are the prime factors of 22695460?
2, 5, 227, 4999
What are the prime factors of 959918?
2, 19, 25261
List the prime factors of 784584.
2, 3, 17, 641
List the prime factors of 2188467.
3, 73, 3331
What are the prime factors of 847402?
2, 641, 661
List the prime factors of 1092326.
2, 59, 9257
List the prime factors of 818907.
3, 17, 16057
What are the prime factors of 237497?
13, 18269
List the prime factors of 1685153.
1685153
What are the prime factors of 956791?
11, 86981
What are the prime factors of 18379985?
5, 13, 282769
What are the prime factors of 7365906?
2, 3, 409217
List the prime factors of 275248.
2, 17203
What are the prime factors of 13551?
3, 4517
What are the prime factors of 1725239?
29, 41, 1451
List the prime factors of 32969925.
3, 5, 23, 277
What are the prime factors of 154210?
2, 5, 7, 2203
What are the prime factors of 4510495?
5, 11, 82009
What are the prime factors of 7965421?
7965421
List the prime factors of 4009864.
2, 501233
What are the prime factors of 804469?
67, 12007
List the prime factors of 34810739.
499, 69761
List the prime factors of 3274493.
43, 271, 281
List the prime factors of 779288.
2, 29, 3359
List the prime factors of 320410.
2, 5, 179
What are the prime factors of 3867056?
2, 241691
List the prime factors of 156191.
7, 53, 421
List the prime factors of 558884.
2, 139721
List the prime factors of 500030.
2, 5, 31, 1613
What are the prime factors of 7381845?
3, 5, 41, 4001
What are the prime factors of 12286886?
2, 17, 37, 9767
List the prime factors of 707972.
2, 379, 467
List the prime factors of 17799809.
73, 109, 2237
What are the prime factors of 3735930?
2, 3, 5, 11, 11321
List the prime factors of 7072631.
7072631
List the prime factors of 6132199.
71, 86369
What are the prime factors of 4963883?
19, 23, 37, 307
List the prime factors of 3434222.
2, 11, 23, 617
What are the prime factors of 47359?
13, 3643
List the prime factors of 421152.
2, 3, 41, 107
List the prime factors of 309259.
309259
What are the prime factors of 2890583?
2890583
What are the prime factors of 28389520?
2, 5, 354869
What are the prime factors of 6391353?
3, 19, 112129
What are the prime factors of 66163?
109, 607
What are the prime factors of 1820300?
2, 5, 109, 167
List the prime factors of 2472162.
2, 3, 7, 11, 5351
List the prime factors of 179378.
2, 89689
List the prime factors of 169102.
2, 84551
What are the prime factors of 3974785?
5, 794957
What are the prime factors of 6694209?
3, 17, 43753
List the prime factors of 8341642.
2, 311, 13411
List the prime factors of 184676.
2, 137, 337
List the prime factors of 11161604.
2, 2790401
List the prime factors of 2866256.
2, 359, 499
List the prime factors of 785195.
5, 53, 2963
What are the prime factors of 574836?
2, 3, 47903
List the prime factors of 598897.
13, 23, 2003
What are the prime factors of 3626696?
2, 41, 11057
List the prime factors of 11898749.
11898749
List the prime factors of 12292659.
3, 61, 22391
What are the prime factors of 4278912?
2, 3, 11, 1013
What are the prime factors of 1154114?
2, 13, 44389
List the prime factors of 590701.
29, 20369
What are the prime factors of 4802090?
2, 5, 480209
List the prime factors of 146534.
2, 41, 1787
List the prime factors of 531213.
3, 113, 1567
List the prime factors of 2032828.
2, 7, 79, 919
What are the prime factors of 238009?
238009
List the prime factors of 4756785.
3, 5, 11, 127, 227
List the prime factors of 706784.
2, 13, 1699
What are the prime factors of 734804?
2, 7, 23, 163
What are the prime factors of 2703450?
2, 3, 5, 67, 269
What are the prime factors of 8909371?
2423, 3677
List the prime factors of 144151.
7, 20593
What are the prime factors of 4525100?
2, 5, 37, 1223
What are the prime factors of 5530611?
3, 1843537
List the prime factors of 17046246.
2, 3, 7, 405863
List the prime factors of 268023.
3, 7, 12763
List the prime factors of 16763254.
2, 8381627
List the prime factors of 355900.
2, 5, 3559
What are the prime factors of 184677?
3, 61559
List the prime factors of 1293287.
1293287
What are the prime factors of 14094350?
2, 5, 281887
List the prime factors of 192755.
5, 19, 2029
List the prime factors of 349234.
2, 174617
What are the prime factors of 13622638?
2, 6811319
What are the prime factors of 2130448?
2, 133153
What are the prime factors of 2206795?
5, 441359
List the prime factors of 2544970.
2, 5, 157, 1621
What are the prime factors of 301426?
2, 29, 5197
List the prime factors of 9516819.
3, 13, 244021
List the prime factors of 5241700.
2, 5, 23, 43, 53
What are the prime factors of 2661691?
19, 31, 4519
What are the prime factors of 3177448?
2, 397181
List the prime factors of 206550.
2, 3, 5, 17
What are the prime factors of 488982?
2, 3, 13, 6269
What are the prime factors of 351062?
2, 257, 683
What are the prime factors of 23303572?
2, 443, 13151
List the prime factors of 6751911.
3, 2250637
What are the prime factors of 1616123?
31, 37, 1409
List the prime factors of 8320310.
2, 5, 17, 2879
List the prime factors of 4090689.
3, 151507
List the prime factors of 1392079.
13, 17, 6299
List the prime factors of 166491.
3, 13, 1423
What are the prime factors of 11219535?
3, 5, 283, 881
List the prime factors of 7414085.
5, 7, 19, 11149
List the prime factors of 427443.
3, 19, 7499
What are the prime factors of 416946?
2, 3, 69491
What are the prime factors of 748649?
11, 68059
What are the prime factors of 36049471?
4783, 7537
List the prime factors of 163347.
3, 54449
What are the prime factors of 14776?
2, 1847
What are the prime factors of 2480461?
631, 3931
What are the prime factors of 13872770?
2, 5, 251, 5527
What are the prime factors of 5261?
5261
What are the prime factors of 918709?
11, 47, 1777
List the prime factors of 902047.
902047
What are the prime factors of 756984?
2, 3, 31541
What are the prime factors of 6132293?
211, 29063
What are the prime factors of 305340?
2, 3, 5, 7, 727
List the prime factors of 5735207.
19, 15887
List the prime factors of 1571269.
7, 224467
List the prime factors of 491516